0 and u?
30
Let m = -69 - -69. Suppose m*u = 3*u - 165. Suppose 4*j - u = 3*b - 165, 100 = 3*b - 2*j. What is the greatest common divisor of 5 and b?
5
Let d be 211 - 218 - 33/((-9)/3). Let t = 4 - 2. Let h be t + -8 - -3 - -13. What is the highest common divisor of h and d?
2
Suppose 12*a - 5 = -2*b + 13*a, b - 5*a = -11. Suppose p = -b*c + 80, -5*c + 268 = 4*p + 3. What is the highest common factor of 75 and p?
15
Let h = 2624 - 2597. What is the greatest common factor of 99 and h?
9
Let q(b) be the second derivative of -b**4/12 + 4*b**3/3 + 5*b**2/2 + b. Let g be q(5). Let x = -720 + 880. Calculate the greatest common divisor of x and g.
20
Let u = 18127 + -13267. What is the highest common factor of u and 675?
135
Let m(f) = -f**3 - 78*f**2 - 7*f - 420. Let s be m(-78). Calculate the highest common factor of 36 and s.
18
Suppose 18*d = -d - 34*d + 106. Calculate the highest common divisor of d and 347.
1
Suppose -6765 = 277*s - 186815. What is the highest common factor of 91 and s?
13
Let c = -9 - -14. Suppose c*v - 6*v = -6. Let i(h) = -2*h**3 + 14*h**2 - 4*h + 15. Let z be i(v). Calculate the greatest common factor of z and 9.
9
Let x(h) = 3*h**3 - 38*h**2 - 280*h - 16. Let f be x(18). Calculate the greatest common divisor of 1152 and f.
128
Suppose 3*q - 231 = -r, 0 = 5*r - 3*q - 279 - 912. Let n = 243 - r. Suppose 2*b = 4*w - b - 66, 4*b = 8. What is the greatest common divisor of w and n?
6
Suppose 6107*z - 6106*z - 1347 = 0. What is the highest common divisor of 15 and z?
3
Suppose -f + 15 = -37. Let x(k) = k**2 - 3*k - 109. Let h be x(-9). Let y be f/8 - h/2. Calculate the greatest common factor of 77 and y.
7
Let o(q) be the third derivative of -17*q**4/12 + q**3/6 + q**2. Let k be o(-1). Calculate the highest common divisor of k and 10.
5
Let b(i) = i**3 - 13*i**2 - 12*i + 28. Let w be b(14). Calculate the greatest common divisor of w and 126.
14
Suppose -194*s - 668 = -199*s + 6*d, -3*s - 2*d = -412. What is the highest common factor of 3272 and s?
8
Suppose 0 = 98*x + 456 - 37829 + 2975. What is the highest common factor of 1469 and x?
13
Let r be (-1 + (-6)/(-4))*(-110)/5. Let q = 33 - r. What is the highest common factor of q and 11?
11
Suppose -26*d + 32*d = 2106. Suppose -4*z - 15 + d = 0. What is the greatest common divisor of z and 273?
21
Suppose 3 = -3*l, 0 = 4*d + 10*l - 6*l - 924. Calculate the highest common factor of 783 and d.
29
Let o(b) = -740*b + 1342. Let f be o(-2). Calculate the highest common factor of 498 and f.
166
Suppose -4*h - 2320 = 2*f, -2*h - 1168 = -3*f - 0*f. Let u = h - -869. Let x be (14/8)/(12/u). Calculate the highest common factor of 84 and x.
42
Suppose -3 = -3*o + 3. Suppose -o*h - 88 = 2*h. Let t be 2 + 1 + (-13 - h). Calculate the greatest common divisor of t and 12.
12
Let q(v) = -4*v + 1. Let r be q(-1). Let f be (-3 - 33)/(r + 65/(-10)). Let a = 119 + 97. What is the highest common divisor of a and f?
24
Let i be -8 - -24 - (14 + -8). What is the greatest common factor of 365 and i?
5
Let i = 36350 - 36302. Calculate the highest common factor of 4584 and i.
24
Let y be (-230)/(-20) + ((-1)/(-2))/1. Calculate the highest common factor of y and 3324.
12
Let y be 9 - (0 + 1 + 0). Let p = 883 + -843. Let i be ((-1 - 1) + 14)*p/15. Calculate the greatest common divisor of i and y.
8
Suppose -22879 = -22*f - 5146 + 22395. Calculate the greatest common divisor of 190 and f.
38
Let b be 49/((-21)/((-231)/22)*2/16). Calculate the greatest common factor of 280 and b.
28
Suppose -41*j - 756 = -44*j. Calculate the highest common divisor of j and 684.
36
Let l(u) = -u**3 - 27*u**2 + 80*u + 890. Let h be l(-30). Calculate the greatest common factor of 224 and h.
14
Suppose t - 164 + 2 = 0. Suppose a - 2 = 0, -29 = -k + 2*a + 57. What is the greatest common factor of t and k?
18
Let s = 8491 - 7696. Calculate the highest common factor of s and 285.
15
Let s be (2 + -9)/(945/(-34425)). Calculate the highest common factor of s and 3383.
17
Let n = 15 - 10. Suppose 2*t - 6*v - 128 = -2*v, n*t = 3*v + 348. Suppose -4*q = 3*s - 24, -s + 9*q = 5*q - 8. Calculate the greatest common divisor of t and s.
8
Suppose m = -26 + 8. Let k(a) = a**3 + 17*a**2 - 20*a - 26. Let x be k(m). Suppose -x*b + 8 = -2. What is the greatest common factor of 4 and b?
1
Let u be 177*(-6)/63*-7. Calculate the greatest common divisor of u and 3894.
118
Let y = -1 - -1. Suppose 2*v + 37 = 3*g - y*v, v - 79 = -5*g. Let m be (-89)/(-15) + 20/300. Calculate the highest common factor of m and g.
3
Let h(x) = x**2 + 41*x + 56. Let r be h(-24). Let g = r - -400. Calculate the highest common factor of 12 and g.
12
Let f be 7 - (-3 + (-25)/(-5)). Suppose 0 = -3*d + f*d + 5*p - 217, -5 = -p. Let w be 6/5*(-10)/(-1). Calculate the greatest common factor of w and d.
12
Let f be (40/6)/10 + 12787/57. What is the highest common divisor of 3975 and f?
75
Let z(u) = -40*u + 978. Let j be z(21). Calculate the greatest common factor of j and 1374.
6
Let w(d) = -2*d**3 + 4*d**2 + 24*d + 45. Let c be w(5). Let r = 136 + -16. Calculate the greatest common factor of c and r.
15
Let p be (-13)/(-2) - (-57)/(-38). Suppose -3*x = -40 - p. Suppose 0 = -5*h + h + 3*g + 195, -h + g + 50 = 0. Calculate the greatest common divisor of h and x.
15
Let z = -282 + 651. Calculate the highest common divisor of z and 2.
1
Suppose -3*z + 4*w + 128 = 0, -3*z + z + 88 = -4*w. Let u(n) = -80*n - 2. Let k be u(-5). Let s = -278 + k. What is the greatest common factor of z and s?
40
Let k = 528 + -903. Let c be (-6 - -12)/(-3) - -2 - k. Calculate the greatest common divisor of 15 and c.
15
Let r be (20 - 17)/((1/41)/1). Let w = r + -42. Calculate the highest common divisor of 9 and w.
9
Let h = 187 + -180. Suppose -2*n - h*n = -45. Calculate the highest common factor of 4 and n.
1
Let t be (-85)/(-30) + (-2)/(-12). Suppose -t*l = -15 + 9. Suppose 4*n = -12, 5*c - 5*n - 21 = l*c. What is the highest common divisor of 2 and c?
2
Suppose -3*z - w + 2*w = 13, -3*w = 15. Let b be (20 - 1) + 6/z. Let s = 299 - 281. Calculate the greatest common factor of s and b.
18
Suppose -2*w = 10, 4*d + w - 134 = 53. Suppose -3*l - 3*b = -d, -5*l + 4*b = 2*b - 80. Calculate the greatest common divisor of 68 and l.
4
Let v = -199 + 219. Let x = 21 - v. What is the greatest common divisor of 1 and x?
1
Suppose -2*p = 5*p - 196. Let t(z) = z**2 + 5*z. Let o be t(-7). What is the highest common divisor of p and o?
14
Let i(f) = -83*f**2 + 24*f + 38. Let l(p) = 82*p**2 - 26*p - 38. Let c(d) = -3*i(d) - 2*l(d). Let a be c(-2). What is the highest common divisor of 36 and a?
18
Let g be (((-4851)/84)/21)/(1*(-2)/568). Suppose 8*i - 6*i = 22. What is the highest common divisor of g and i?
11
Let f = 48 - 80. Let j = -27 - f. Suppose 5*v = 15, -n - j*v + 26 = -5. What is the greatest common divisor of n and 176?
16
Suppose -2*p - 3*v + 19 = -2*v, -4*v = p - 20. Let c be (-3)/(-3) - (-1 + 0 - p). Let s be 4/c + (96/10 - 0). Calculate the greatest common factor of s and 15.
5
Let a be (8/(16/(-4)) - -5)*1. Suppose 4*k - 7 = -v, -a*v - 2*v + 35 = -2*k. What is the greatest common factor of 553 and v?
7
Let p = 4982 - 4267. What is the highest common factor of p and 1144?
143
Let r(k) = k**3 + 12*k**2 + 7*k + 8. Let t be r(-11). Suppose 9*p = 2*z + 8*p - 104, z - t = 3*p. What is the greatest common divisor of 52 and z?
52
Let t be (-11)/(-2) + (34650/(-36))/(-25). What is the highest common divisor of 412 and t?
4
Let m(c) be the third derivative of 0*c + 0 - 1/60*c**5 + 17/24*c**4 - 4/3*c**3 + 23*c**2. Let l be m(16). Calculate the highest common divisor of l and 20.
4
Suppose -20 - 2 = -4*j - y, 0 = -5*j + y + 23. Let l(p) = 7*p**3 + 9*p**2 + 11*p + 15. Let n be l(j). What is the greatest common factor of 90 and n?
90
Let j be 416 + -203 + (-5)/((-15)/(-27)). What is the greatest common factor of 289 and j?
17
Let v = 1952 - 962. What is the greatest common divisor of v and 60?
30
Suppose 3*l + 4 = 1. Let k be 1*(-260)/(-4)*l. Let g = -38 - k. What is the greatest common factor of 54 and g?
27
Suppose -21*x = -17*x - 76. Suppose -x*j - 16*j = -2205. Calculate the highest common divisor of j and 21.
21
Suppose -8 + 2 = 3*x. Let g be (-1)/x - 536/(-16). Let v = -112 + 384. Calculate the greatest comm